{"id":271,"date":"2020-04-12T10:22:58","date_gmt":"2020-04-12T10:22:58","guid":{"rendered":"https:\/\/malerfachbetrieb-gruhl.de\/?page_id=271"},"modified":"2024-12-20T22:16:46","modified_gmt":"2024-12-20T22:16:46","slug":"unsere-leistungen","status":"publish","type":"page","link":"https:\/\/malerfachbetrieb-gruhl.de\/index.php\/unsere-leistungen\/","title":{"rendered":"Ihre Experten f\u00fcr Farbgestaltung und Geb\u00e4udesanierung \u2013 Innen &#038; Au\u00dfen"},"content":{"rendered":"\n<p><strong>Wir bieten Ihnen ein umfassendes Leistungsspektrum rund um die Gestaltung und Pflege Ihrer Immobilie.<\/strong><\/p>\n\n\n\n<h3 class=\"wp-block-heading\"><strong>Innenausbau &amp; Gestaltung<\/strong><\/h3>\n\n\n\n<ul class=\"wp-block-list\">\n<li><strong>Maler- und Lackierarbeiten:<\/strong>&nbsp;Verleihen Sie Ihren R\u00e4umen eine individuelle Note mit hochwertigen Farben und Techniken.<\/li>\n\n\n\n<li><strong>Tapezierarbeiten:<\/strong>&nbsp;Eine vielf\u00e4ltige Auswahl an Tapeten f\u00fcr jeden Geschmack und Stil.<\/li>\n\n\n\n<li><strong>Bodenbel\u00e4ge:<\/strong>&nbsp;Ob klassisch oder modern \u2013 wir verlegen den Bodenbelag Ihrer Wahl, von Teppich bis Parkett.<\/li>\n\n\n\n<li><strong>Trockenausbau:<\/strong>&nbsp;Schnelle und saubere L\u00f6sungen f\u00fcr den Innenausbau mit Gipskartonplatten.<\/li>\n\n\n\n<li><strong>Stuckarbeiten:<\/strong>&nbsp;Elegante Gestaltungselemente f\u00fcr Ihre Decken und W\u00e4nde.<\/li>\n\n\n\n<li><strong>Spachteltechniken:<\/strong>&nbsp;Individuelle Oberfl\u00e4chenstrukturen f\u00fcr eine einzigartige Optik.<\/li>\n<\/ul>\n\n\n\n<h3 class=\"wp-block-heading\"><strong>Au\u00dfenanstrich &amp; Sanierung<\/strong><\/h3>\n\n\n\n<ul class=\"wp-block-list\">\n<li><strong>Fassadengestaltung:<\/strong>&nbsp;Wir sch\u00fctzen und versch\u00f6nern Ihre Fassade mit einem neuen Anstrich und individuellen Gestaltungselementen.<\/li>\n\n\n\n<li><strong>Professionelle Fassadenreinigung:<\/strong>&nbsp;Wir verleihen Ihrer Fassade neuen Glanz. Wir entfernen schonend Schmutz, Algen und Moos. <a href=\"https:\/\/malerfachbetrieb-gruhl.de\/index.php\/2024\/12\/15\/professionelle-fassadenreinigung\/\" data-type=\"post\" data-id=\"355\">Lesen Sie unseren Beitrag dazu.<\/a><\/li>\n\n\n\n<li><strong>Vollw\u00e4rmeschutz:<\/strong>&nbsp;Wir verbessern die Energieeffizienz deines Geb\u00e4udes und spare Heizkosten.<\/li>\n\n\n\n<li><strong>Betonsanierung:<\/strong>&nbsp;Wir sanieren schadhafte Betonfl\u00e4chen und verl\u00e4ngere die Lebensdauer deiner Fassade.<\/li>\n\n\n\n<li><strong>Isolierungen:<\/strong>&nbsp;F\u00fcr ein angenehmes Raumklima und Energieeinsparung.<\/li>\n<\/ul>\n\n\n\n<h3 class=\"wp-block-heading\"><strong>Zus\u00e4tzliche Leistungen<\/strong><\/h3>\n\n\n\n<ul class=\"wp-block-list\">\n<li><strong>Gipserarbeiten:<\/strong>&nbsp;Alle Arten von Verputzarbeiten, von Edelputzen bis zu Armierungsputzen.<\/li>\n\n\n\n<li><strong>Streichf\u00e4hig gl\u00e4tten:<\/strong>&nbsp;Vorbereitung von Oberfl\u00e4chen f\u00fcr den Anstrich.<\/li>\n<\/ul>\n\n\n\n<p><strong>Warum Sie sich f\u00fcr uns entscheiden sollten:<\/strong><\/p>\n\n\n\n<ul class=\"wp-block-list\">\n<li><strong>Kompetente Beratung:<\/strong>&nbsp;Wir finden die optimale L\u00f6sung f\u00fcr Ihre individuellen Bed\u00fcrfnisse.<\/li>\n\n\n\n<li><strong>Hochwertige Materialien:<\/strong>&nbsp;Nur beste Produkte f\u00fcr ein langlebiges Ergebnis.<\/li>\n\n\n\n<li><strong>Saubere und sorgf\u00e4ltige Arbeit:<\/strong>&nbsp;Wir arbeiten sauber und hinterlassen Ihre R\u00e4ume besenrein.<\/li>\n\n\n\n<li><strong>Termintreue:<\/strong>&nbsp;Wir halten unsere Zusagen ein.<\/li>\n<\/ul>\n\n\n\n<p><strong>Mit unserer Erfahrung und unserem Know-how sorgen wir daf\u00fcr, dass Ihre Immobilie in neuem Glanz erstrahlt.<\/strong><\/p>\n\n\n\n<p><strong><a href=\"https:\/\/malerfachbetrieb-gruhl.de\/index.php\/kontakt\/\" data-type=\"page\" data-id=\"65\">Kontaktieren Sie uns f\u00fcr ein unverbindliches Angebot!<\/a><\/strong><\/p>\n\n\n\n<p><\/p>\n","protected":false},"excerpt":{"rendered":"<p>Wir bieten Ihnen ein umfassendes Leistungsspektrum rund um die Gestaltung und Pflege Ihrer Immobilie. Innenausbau &amp; Gestaltung Au\u00dfenanstrich &amp; Sanierung Zus\u00e4tzliche Leistungen Warum Sie sich f\u00fcr uns entscheiden sollten: Mit unserer Erfahrung und unserem Know-how sorgen wir daf\u00fcr, dass Ihre Immobilie in neuem Glanz erstrahlt. Kontaktieren Sie uns f\u00fcr ein&#8230;<\/p>\n","protected":false},"author":1,"featured_media":0,"parent":0,"menu_order":0,"comment_status":"closed","ping_status":"closed","template":"","meta":{"footnotes":""},"class_list":["post-271","page","type-page","status-publish","hentry"],"_links":{"self":[{"href":"https:\/\/malerfachbetrieb-gruhl.de\/index.php\/wp-json\/wp\/v2\/pages\/271","targetHints":{"allow":["GET"]}}],"collection":[{"href":"https:\/\/malerfachbetrieb-gruhl.de\/index.php\/wp-json\/wp\/v2\/pages"}],"about":[{"href":"https:\/\/malerfachbetrieb-gruhl.de\/index.php\/wp-json\/wp\/v2\/types\/page"}],"author":[{"embeddable":true,"href":"https:\/\/malerfachbetrieb-gruhl.de\/index.php\/wp-json\/wp\/v2\/users\/1"}],"replies":[{"embeddable":true,"href":"https:\/\/malerfachbetrieb-gruhl.de\/index.php\/wp-json\/wp\/v2\/comments?post=271"}],"version-history":[{"count":7,"href":"https:\/\/malerfachbetrieb-gruhl.de\/index.php\/wp-json\/wp\/v2\/pages\/271\/revisions"}],"predecessor-version":[{"id":394,"href":"https:\/\/malerfachbetrieb-gruhl.de\/index.php\/wp-json\/wp\/v2\/pages\/271\/revisions\/394"}],"wp:attachment":[{"href":"https:\/\/malerfachbetrieb-gruhl.de\/index.php\/wp-json\/wp\/v2\/media?parent=271"}],"curies":[{"name":"wp","href":"https:\/\/api.w.org\/{rel}","templated":true}]}}